5011145
Convert -1330333003 (base 4) to base 8.
-1747703
Convert 20206352 (base 7) to base 14.
31b462
Convert 2589723 (base 11) to base 2.
10001000101010110010100
What is -220111212210010 (base 3) in base 13?
-2911a76
What is 11cec (base 16) in base 13?
2727a
-884725 (base 9) to base 3
-222211210212
What is -122797 (base 12) in base 10?
-294883
Convert -11c848b (base 14) to base 16.
-827b2b
-4d99d (base 15) to base 14
-66816
Convert -50edb (base 15) to base 14.
-69681
963088 (base 10) to base 4
3223020100
What is 147035 (base 11) in base 5?
24311340
504245 (base 7) to base 6
1500002
What is 1067355 (base 8) in base 14?
77c4d
Convert 413432 (base 9) to base 12.
b9b55
Convert 1ce0a (base 16) to base 11.
8095a
What is -11000010010011000000001 (base 2) in base 13?
-141bbba
Convert -32335554 (base 6) to base 13.
-278917
What is -2b5301 (base 14) in base 4?
-11301101111
-46027 (base 15) to base 11
-142424
Convert -21201100221200 (base 3) to base 9.
-7640850
What is 3a098 (base 13) in base 6?
2150550
101011101100100010 (base 2) to base 11
112518
606620 (base 9) to base 14
94c72
What is -1001110111100011000 (base 2) in base 14?
-85ba8
Convert -3553010 (base 6) to base 5.
-21422412
12005223 (base 6) to base 10
374415
-210430 (base 7) to base 3
-1211200221
Convert 1203340 (base 6) to base 11.
43362
Convert -a672d (base 16) to base 10.
-681773
Convert 2211002000120 (base 3) to base 15.
1e8a06
-4211052 (base 6) to base 8
-615710
Convert -5a18b6 (base 12) to base 13.
-3bc097
2792c6 (base 14) to base 12
56087a
-147a748 (base 14) to base 3
-200202222002112
Convert -323050430 (base 6) to base 15.
-7874c0
What is 80093 (base 10) in base 15?
18ae8
Convert -266054 (base 9) to base 3.
-22020001211
Convert -2153552 (base 6) to base 9.
-174655
-1140233 (base 6) to base 16
-e93d
10202030332 (base 4) to base 12
493a7a
-12142312 (base 5) to base 10
-115332
2527303 (base 10) to base 16
269047
2171a06 (base 12) to base 9
12876716
-8a3af9 (base 16) to base 11
-5128234
Convert -11de9 (base 16) to base 5.
-4320233
What is -4e2b8 (base 15) in base 5?
-31002443
-440524412 (base 6) to base 12
-2780708
-20991 (base 15) to base 16
-193f3
What is 1902a40 (base 12) in base 15?
6d4b46
-4140403 (base 5) to base 15
-15338
-129b32 (base 12) to base 8
-1130426
-11446321 (base 7) to base 3
-1220211111211
What is -80de5d (base 15) in base 16?
-5d6a81
What is -13221371 (base 9) in base 6?
-351304444
120001312200 (base 4) to base 16
601da0
What is 22b412 (base 12) in base 13?
167417
Convert -3444510 (base 6) to base 15.
-37806
3221307 (base 8) to base 7
10213554
What is ac41ab (base 13) in base 11?
2326a07
-1221022011101 (base 3) to base 13
-2a0769
-876736 (base 12) to base 7
-24152064
What is 10100010111001010101000 (base 2) in base 8?
24271250
What is 23174178 (base 9) in base 14?
16d474d
Convert 53b92 (base 12) to base 15.
22b58
65641 (base 15) to base 16
4e9f4
-252634 (base 8) to base 13
-30a61
What is -d0832b (base 15) in base 5?
-10013241331
3847700 (base 9) to base 12
852599
Convert 1000221002120 (base 3) to base 14.
1044ab
-1c1dac (base 14) to base 8
-3651344
-21322031 (base 5) to base 12
-89926
What is -58815 (base 9) in base 10?
-39299
Convert -440677 (base 8) to base 12.
-71713
What is 632473 (base 10) in base 3?
1012010120221
20100202112 (base 3) to base 12
60565
What is 12020022211221 (base 3) in base 16?
2a723a
Convert -ff8ec (base 16) to base 15.
-15a244
Convert 32443475 (base 8) to base 14.
cd43db
Convert 501500 (base 8) to base 9.
270788
Convert 1221212 (base 6) to base 15.
1444b
375b52 (base 12) to base 11
566700
-18249a (base 11) to base 2
-1000100101101011010
126d43 (base 15) to base 6
30535543
-20132201 (base 5) to base 16
-2770f
-12200220001 (base 3) to base 10
-112186
What is 163101 (base 9) in base 4?
120211030
Convert 2032724 (base 8) to base 4.
2003113110
-14323650 (base 8) to base 5
-1313113214
What is 10001011110101010 (base 2) in base 14?
1c13c
48285 (base 15) to base 10
230075
-3321132100 (base 4) to base 7
-11454061
6258165 (base 10) to base 4
113313313311
784004 (base 9) to base 13
13548a
Convert 1201002012 (base 4) to base 5.
100204241
What is 231010311 (base 4) in base 16?
2d135
What is -1324306 (base 7) in base 11?
-10a033
Convert -112220022222212 (base 3) to base 14.
-10a1d99
Convert 6d646c (base 14) to base 5.
1424244241
What is 7871403 (base 9) in base 5?
2041130322
5816312 (base 9) to base 8
13766262
111111111111110101011 (base 2) to base 5
1014101232
-141258 (base 9) to base 13
-30338
Convert -416442 (base 10) to base 6.
-12531550
Convert -21640012 (base 7) to base 10.
-1875190
What is -132302011 (base 6) in base 4?
-22003223113
Convert 11101100110101 (base 2) to base 6.
154101
-4140310 (base 6) to base 9
-333836
-11694 (base 10) to base 15
-36e9
10301104 (base 5) to base 8
253146
1110011010000111011111 (base 2) to base 11
214a789
Convert -1305067 (base 9) to base 3.
-1100012002021
Convert 1000110101000110001 (base 2) to base 6.
10111253
Convert -4fc9 (base 16) to base 6.
-234321
What is -100513562 (base 7) in base 8?
-26246613
Convert 342342314 (base 5) to base 2.
101110101000000011010
Convert 4433131 (base 5) to base 3.
10221000122
-12112120032 (base 4) to base 15
-22d2d6
What is -1572325 (base 12) in base 6?
-233510045
535212 (base 6) to base 10
43928
283368 (base 12) to base 14
135c76
What is -22010120020010 (base 3) in base 8?
-20370615
What is -1534263 (base 10) in base 11?
-958795
Convert c9618 (base 13) to base 14.
966b2
Convert 122312332121 (base 4) to base 14.
d13d0d
What is -1758b7 (base 13) in base 5?
-122134312
Convert -79571 (base 11) to base 9.
-184853
1011011101110111 (base 2) to base 15
ddb2
Convert 32031012 (base 4) to base 13.
20637
Convert 330538 (base 12) to base 9.
1463338
What is 1178853 (base 11) in base 9?
3758572
What is -3300012132 (base 4) in base 5?
-222432304
What is 200846 (base 11) in base 15?
65b15
Convert -576445 (base 10) to base 6.
-20204421
Convert 6aa71 (base 15) to base 16.
52f90
102001111220 (base 3) to base 7
1564311
-38eeb (base 16) to base 11
-14a226
What is -c5be5a (base 15) in base 9?
-18625524
Convert -1011000001111000000 (base 2) to base 4.
-1120033000
-1221011200122 (base 3) to base 15
-154425
66a48 (base 12) to base 11
93431
Convert -202240 (base 11) to base 5.
-40400200
Convert 4bc2a (base 16) to base 2.
1001011110000101010
Convert -417bb (base 12) to base 9.
-140648
What is 10100020222 (base 3) in base 9?
110228
-107799 (base 11) to base 5
-20440243
Convert 14015140 (base 6) to base 12.
1a74b0
Convert -15256413 (base 7) to base 15.
-1dc766
10010101010001001010 (base 2) to base 8
2252112
What is -775897 (base 10) in base 12?
-315021
What is -7502100 (base 8) in base 13?
-5503c3
What is 1310030223 (base 4) in base 12?
1ab523
What is 41312320 (base 5) in base 14?
8b4ba
-1c672c (base 13) to base 3
-1101000012211
Convert -410115 (base 12) to base 8.
-3700641
What is 120003020 (base 4) in base 15?
1e2be
Convert 112133440 (base 7) to base 12.
23635a1
-11e3da9 (base 16) to base 15
-19a83a6
141535214 (base 7) to base 6
530403112
-4401224203 (base 5) to base 3
-122200111120012
What is 73303 (base 9) in base 11?
33374
-249b7 (base 14) to base 3
-11120002110
What is -1111111000110100011 (base 2) in base 13?
-152c70
What is -344016 (base 9) in base 16?
-325f2
Convert -27a602 (base 12) to base 5.
-132122322
What is -66cc7 (base 14) in base 13?
-89734
What is -111420203 (base 5) in base 8?
-1715002
18814605 (base 10) to base 8
107613215
Convert -2670632 (base 10) to base 15.
-37b472
What is 933771 (base 12) in base 5?
1042323343
What is 21561522 (base 7) in base 10?
1863780
Convert 4c3a4 (base 13) to base 4.
202133001
1737607 (base 11) to base 7
34046004
What is 101101110100000000001 (base 2) in base 11?
935954
Convert -23801b3 (base 12) to base 16.
-690d17
What is 453350 (base 13) in base 8?
6171504
Convert 188546 (base 10) to base 11.
119726
What is 1234540 (base 7) in base 2?
100111000101101111
Convert 2cefd (base 16) to base 5.
21342221
22524315 (base 6) to base 11
43570a
Convert 14307801 (base 10) to base 16.
da51d9
Convert -360433 (base 7) to base 5.
-4040142
Convert 121330200 (base 4) to base 3.
12101210000
Convert -17a388 (base 11) to base 16.
-43b3b
What is -101002100011202 (base 3) in base 4?
-11013